{"id":158,"date":"2025-08-07T09:43:54","date_gmt":"2025-08-07T09:43:54","guid":{"rendered":"https:\/\/azv-buetzfleth-assel.de\/?page_id=158"},"modified":"2025-11-13T08:34:26","modified_gmt":"2025-11-13T08:34:26","slug":"service","status":"publish","type":"page","link":"https:\/\/azv-buetzfleth-assel.de\/?page_id=158","title":{"rendered":"Service"},"content":{"rendered":"\n<div style=\"height:80px\" aria-hidden=\"true\" class=\"wp-block-spacer\"><\/div>\n\n\n\n<p class=\"has-medium-font-size\"><strong>Satzungen<\/strong><\/p>\n\n\n\n<div style=\"height:20px\" aria-hidden=\"true\" class=\"wp-block-spacer\"><\/div>\n\n\n\n<div class=\"wp-block-file\"><a href=\"https:\/\/azv-buetzfleth-assel.de\/wp-content\/uploads\/2025\/08\/Satzung-Schmutzwasserabgabe.pdf\">Satzung-Schmutzwasserabgabe<\/a><\/div>\n\n\n\n<div class=\"wp-block-file\"><a href=\"https:\/\/azv-buetzfleth-assel.de\/wp-content\/uploads\/2025\/08\/Satzung-Grundstuecksabwasseranlagen.pdf\">Satzung-Grundstuecksabwasseranlagen<\/a><\/div>\n\n\n\n<div class=\"wp-block-file\"><a id=\"wp-block-file--media-43afe6af-ecec-4ad7-b99a-baddfd7bd0f1\" href=\"https:\/\/azv-buetzfleth-assel.de\/wp-content\/uploads\/2025\/11\/Geschaeftsordnung.pdf\">Gesch\u00e4ftsordnung<\/a><\/div>\n\n\n\n<div class=\"wp-block-file\"><a id=\"wp-block-file--media-de1caea7-6568-4af9-8291-5934eaacfc23\" href=\"https:\/\/azv-buetzfleth-assel.de\/wp-content\/uploads\/2025\/11\/Verbandsordnung.pdf\">Verbandsordnung<\/a><\/div>\n\n\n\n<div style=\"height:30px\" aria-hidden=\"true\" class=\"wp-block-spacer\"><\/div>\n\n\n\n<hr class=\"wp-block-separator aligncenter has-text-color has-cyan-bluish-gray-color has-alpha-channel-opacity has-cyan-bluish-gray-background-color has-background is-style-wide\"\/>\n\n\n\n<div style=\"height:30px\" aria-hidden=\"true\" class=\"wp-block-spacer\"><\/div>\n\n\n\n<p><\/p>\n\n\n\n<p class=\"has-medium-font-size\"><strong>Beitrags- und Geb\u00fchrens\u00e4tze<\/strong><\/p>\n\n\n\n<div style=\"height:20px\" aria-hidden=\"true\" class=\"wp-block-spacer\"><\/div>\n\n\n\n<p>Die Beitrags- und Geb\u00fchrens\u00e4tze k\u00f6nnen Sie den aktuellen Satzungen entnehmen.<\/p>\n\n\n\n<p><\/p>\n","protected":false},"excerpt":{"rendered":"<p>Satzungen Beitrags- und Geb\u00fchrens\u00e4tze Die Beitrags- und Geb\u00fchrens\u00e4tze k\u00f6nnen Sie den aktuellen Satzungen entnehmen.<\/p>\n","protected":false},"author":2,"featured_media":0,"parent":0,"menu_order":0,"comment_status":"closed","ping_status":"closed","template":"","meta":{"footnotes":""},"class_list":["post-158","page","type-page","status-publish","hentry"],"_links":{"self":[{"href":"https:\/\/azv-buetzfleth-assel.de\/index.php?rest_route=\/wp\/v2\/pages\/158","targetHints":{"allow":["GET"]}}],"collection":[{"href":"https:\/\/azv-buetzfleth-assel.de\/index.php?rest_route=\/wp\/v2\/pages"}],"about":[{"href":"https:\/\/azv-buetzfleth-assel.de\/index.php?rest_route=\/wp\/v2\/types\/page"}],"author":[{"embeddable":true,"href":"https:\/\/azv-buetzfleth-assel.de\/index.php?rest_route=\/wp\/v2\/users\/2"}],"replies":[{"embeddable":true,"href":"https:\/\/azv-buetzfleth-assel.de\/index.php?rest_route=%2Fwp%2Fv2%2Fcomments&post=158"}],"version-history":[{"count":20,"href":"https:\/\/azv-buetzfleth-assel.de\/index.php?rest_route=\/wp\/v2\/pages\/158\/revisions"}],"predecessor-version":[{"id":224,"href":"https:\/\/azv-buetzfleth-assel.de\/index.php?rest_route=\/wp\/v2\/pages\/158\/revisions\/224"}],"wp:attachment":[{"href":"https:\/\/azv-buetzfleth-assel.de\/index.php?rest_route=%2Fwp%2Fv2%2Fmedia&parent=158"}],"curies":[{"name":"wp","href":"https:\/\/api.w.org\/{rel}","templated":true}]}}